 what is 6610 + 2?
6612
In base 3, what is -12 + 111222?
111210
In base 5, what is 12 + -11011?
-10444
In base 2, what is 110 - -11011?
100001
In base 7, what is -21 + 2?
-16
In base 14, what is 619 + -5?
614
In base 5, what is -343101 - -3?
-343043
In base 3, what is 11 + 101220?
102001
In base 6, what is 0 + 14011?
14011
In base 7, what is 13 - -10?
23
In base 13, what is -69 + -5?
-71
In base 14, what is -82bc + -4?
-82c2
In base 3, what is 202122 - -2?
202201
In base 11, what is 401 + -33?
379
In base 8, what is -53 - -6?
-45
In base 5, what is 23 + -12301?
-12223
In base 13, what is -8b4 + 2?
-8b2
In base 12, what is b9 - -5?
102
In base 12, what is -155 + 3?
-152
In base 2, what is -101000001001111 + 10?
-101000001001101
In base 7, what is 6362 - 4?
6355
In base 9, what is -8 - 363?
-372
In base 10, what is -157 + -4?
-161
In base 8, what is -15 - -43?
26
In base 3, what is 100100102 + 2?
100100111
In base 13, what is -14 - -26?
12
In base 2, what is 1 - 1110?
-1101
In base 11, what is 653 - 3?
650
In base 14, what is -206 + -4?
-20a
In base 4, what is 212 + -1?
211
In base 2, what is 11 + -10101?
-10010
In base 7, what is 4411 + 3?
4414
In base 9, what is -7 + -35?
-43
In base 7, what is 25 - 3?
22
In base 10, what is 1 + 171?
172
In base 15, what is -3d - -2b?
-12
In base 6, what is 144 - -13?
201
In base 2, what is -100 + -111?
-1011
In base 15, what is 626 + -b?
61a
In base 8, what is -27 + 445?
416
In base 14, what is 0 - 4?
-4
In base 13, what is -5 + -8b?
-93
In base 11, what is -4 - 15?
-19
In base 15, what is -403 + 4?
-3ee
In base 15, what is -46 + -6?
-4c
In base 15, what is -4 + 11?
c
In base 11, what is 579 + -1?
578
In base 10, what is -9 + -95?
-104
In base 2, what is -101 - 100?
-1001
In base 11, what is -3 - -487?
484
In base 8, what is -54 - -322?
246
In base 3, what is 221 - 200?
21
In base 4, what is -22010 + 1?
-22003
In base 3, what is -20002 - -220?
-12012
In base 5, what is -13013 + 1?
-13012
In base 3, what is 0 + -11211?
-11211
In base 7, what is -306 + -1?
-310
In base 11, what is 1 + 12?
13
In base 14, what is 3 - -141?
144
In base 7, what is -4022 + 3?
-4016
In base 6, what is -4 - -445?
441
In base 5, what is 3 + -2112?
-2104
In base 6, what is -1 - 1350?
-1351
In base 9, what is -1 + 43?
42
In base 9, what is 1 + 20?
21
In base 10, what is 2 + 92?
94
In base 9, what is 4178 + 1?
4180
In base 10, what is -20 - -28?
8
In base 12, what is 2 - -137?
139
In base 13, what is -1 - 70?
-71
In base 9, what is 27 - 1350?
-1322
In base 13, what is -7 - -4?
-3
In base 3, what is -1 + 10110?
10102
In base 11, what is -44 - 3?
-47
In base 11, what is -1 + 1538?
1537
In base 4, what is 30 - 102202?
-102112
In base 9, what is 173 - -4?
177
In base 8, what is 5 + 131?
136
In base 15, what is -4 + -e?
-13
In base 2, what is -100010 + -11011?
-111101
In base 8, what is 125057 - -2?
125061
In base 9, what is 17 + 10?
27
In base 6, what is 1401 + -3?
1354
In base 16, what is -bba + 3?
-bb7
In base 2, what is 10000 + 100?
10100
In base 8, what is -21347 + -5?
-21354
In base 6, what is -155 + 1?
-154
In base 10, what is -137 - 0?
-137
In base 15, what is -2 - -b65?
b63
In base 8, what is 34 - 15?
17
In base 11, what is -5 + 1560?
1556
In base 15, what is 5 + 3b?
41
In base 8, what is -4 - -31?
25
In base 2, what is 11011011 + -1010?
11010001
In base 15, what is 1a + -2d?
-13
In base 10, what is -17 + -42?
-59
In base 3, what is 1100 - -110020?
111120
In base 14, what is 4 + -11?
-b
In base 10, what is -733 - 1?
-734
In base 3, what is -120 + -122?
-1012
In base 6, what is 1 - -312?
313
In base 2, what is 1 - -1011011?
1011100
In base 15, what is -19b + 2?
-199
In base 2, what is -110011011 - 100?
-110011111
In base 13, what is -a3 - 0?
-a3
In base 8, what is 2 + 3735?
3737
In base 4, what is -3130 + 10?
-3120
In base 8, what is -24 + 475?
451
In base 5, what is 23 - 131?
-103
In base 3, what is 20 + -1012100?
-1012010
In base 7, what is 5 - -2060?
2065
In base 2, what is 1001 + -111010111?
-111001110
In base 8, what is -743 - 0?
-743
In base 14, what is 72 - 1?
71
In base 9, what is -88 + -15?
-114
In base 9, what is -518 - 3?
-522
In base 4, what is -231 + 101?
-130
In base 12, what is -218 - 0?
-218
In base 6, what is -432 + -21?
-453
In base 5, what is -2332 + -30?
-2412
In base 8, what is 304 - -7?
313
In base 9, what is 64 + 3?
67
In base 15, what is -28 + 4?
-24
In base 6, what is 2102 - 2?
2100
In base 3, what is 1012 - -1112?
2201
In base 9, what is 103 + -2?
101
In base 8, what is -1 + -413?
-414
In base 12, what is 166 - -4?
16a
In base 10, what is 81 + 0?
81
In base 3, what is 2 + -111022001?
-111021222
In base 6, what is -40 + -44?
-124
In base 3, what is -2 - 102102220?
-102102222
In base 2, what is 10111 - -101?
11100
In base 13, what is 20 + -13?
a
In base 9, what is -4886 + -2?
-4888
In base 15, what is 5 - 3b?
-36
In base 16, what is e - -b1?
bf
In base 9, what is -30 + 14?
-15
In base 13, what is -cb2 + -9?
-cbb
In base 15, what is 17 - 260?
-248
In base 8, what is 1530 + -5?
1523
In base 12, what is -1 - 2aa?
-2ab
In base 12, what is -9 - -822?
815
In base 8, what is 33 - 20?
13
In base 4, what is -2 - 10111?
-10113
In base 8, what is 37 + -1?
36
In base 11, what is -2a277 - 4?
-2a280
In base 13, what is -11 - 338?
-349
In base 6, what is 2 - -5331?
5333
In base 4, what is 11 - 32122?
-32111
In base 5, what is 1 + -4122?
-4121
In base 3, what is -10 - 1112?
-1122
In base 8, what is 5 - -167?
174
In base 8, what is 3 - 25?
-22
In base 7, what is 256 + 202?
461
In base 11, what is 1 + 11a6?
11a7
In base 3, what is 1 - -1201?
1202
In base 12, what is -2198 + 4?
-2194
In base 8, what is -113 + -3?
-116
In base 12, what is 82 + 26?
a8
In base 2, what is 10001100 - 1000?
10000100
In base 14, what is -3a0 + 5?
-399
In base 16, what is 5 - dfa?
-df5
In base 2, what is 1011011110 - 101?
1011011001
In base 6, what is -300 - -15?
-241
In base 10, what is 107 + -1?
106
In base 10, what is 1 + 3665?
3666
In base 15, what is 2 - -1?
3
In base 7, what is 61021 + 0?
61021
In base 3, what is 102111021 + 11?
102111102
In base 9, what is -1323 - -2?
-1321
In base 5, what is -1 + 432?
431
In base 5, what is 144202 + 10?
144212
In base 3, what is -10020102 - 0?
-10020102
In base 4, what is 1002 + 103?
1111
In base 10, what is -12 + 13?
1
In base 9, what is 21 - 41?
-20
In base 16, what is -4 + 1f7?
1f3
In base 11, what is -1 - -833?
832
In base 9, what is 5 + 43?
48
In base 10, what is -2 - 227?
-229
In base 13, what is 1 + 12b?
12c
In base 12, what is -5 - 95?
-9a
In base 3, what is 20 - 1110022?
-1110002
In base 12, what is -1 + 276?
275
In base 10, what is -1390 + -1?
-1391
In base 12, what is 44 - -8?
50
In base 12, what is 3 - -b5?
b8
In base 3, what is 212202001 - 2?
212201222
In base 3, what is 0 + 101100?
101100
In base 2, what is 100100111 - -1?
100101000
In base 5, what is 4 + -122?
-113
In base 10, what is -17 + -40?
-57
In base 11, what is -39 - -26?
-13
In base 14, what is 2 - 1?
1
In base 11, what is 2a61 - 1?
2a60
In base 10, what is -1203 + -1?
-1204
In base 10, what is -260 + 5?
-255
In base 16, what is -5 + 266?
261
In base 11, what is 3187 + 5?
3191
In base 3, what is 11220 + -10?
11210
In base 14, what is -32d - -4?
-329
In base 5, what is -4112 + -4?
-4121
In base 12, what is -3 + -28?
-2b
In base 15, what is -2e + -14?
-43
In base 2, what is 1 + -100?
-11
In base 3, what is 12 - 10?
2
In base 8, what is 13 - 14?
-1
In base 10, what is 23330 + -2?
23328
In base 12, what is -4 + 89?
85
In base 15, what is 1a5 + -2?
1a3
In base 8, what is -40 + 2321?
2261
In base 11, what is 27 + -13?
14
In base 7, what is -16553 - 0?
-16553
In base 2, what is 1101010 - -110000?
10011010
In base 5, what is 4 - 21?
-12
In base 3, what is 200112 + -20?
200022
In base 7, what is 6 - 6?
0
In base 12, what is 5 - 136?
-131
In base 13, what is 15 - 1?
14
In base 11, what is 50 - -4?
54
In base 9, what is -2204 + -6?
-2211
In base 6, what is 451 - 4?
443
In base 5, what is 3 + -2132?
-2124
In base 2, what is 111 - -110?
1101
In base 12, what is -113 + 4?
-10b
In base 4, what is -11132 - 31?
-11223
In base 3, what is -12 - 122?
-211
In base 12, what is -21 - 14?
-35
In base 9, what is 1 - -26?
27
In base 6, what is -100 + -4?
-104
I